igit of 3785?
7
What is the thousands digit of 7879?
7
What is the units digit of 1111?
1
What is the thousands digit of 2454?
2
What is the hundreds digit of 559?
5
What is the hundreds digit of 12317?
3
What is the units digit of 82?
2
What is the thousands digit of 1756?
1
What is the thousands digit of 4277?
4
What is the tens digit of 266?
6
What is the thousands digit of 2250?
2
What is the units digit of 761?
1
What is the tens digit of 2951?
5
What is the tens digit of 2383?
8
What is the ten thousands digit of 28673?
2
What is the hundreds digit of 6063?
0
What is the tens digit of 11435?
3
What is the thousands digit of 44497?
4
What is the tens digit of 2588?
8
What is the thousands digit of 6438?
6
What is the units digit of 634?
4
What is the tens digit of 51?
5
What is the tens digit of 82417?
1
What is the thousands digit of 4119?
4
What is the thousands digit of 67183?
7
What is the hundreds digit of 1504?
5
What is the tens digit of 94669?
6
What is the units digit of 6444?
4
What is the hundreds digit of 2008?
0
What is the units digit of 2615?
5
What is the ten thousands digit of 28362?
2
What is the units digit of 1344?
4
What is the ten thousands digit of 25255?
2
What is the units digit of 808?
8
What is the hundreds digit of 7203?
2
What is the units digit of 101484?
4
What is the tens digit of 6022?
2
What is the tens digit of 1344?
4
What is the tens digit of 1420?
2
What is the tens digit of 21580?
8
What is the tens digit of 10628?
2
What is the units digit of 2480?
0
What is the hundreds digit of 4275?
2
What is the thousands digit of 42152?
2
What is the units digit of 20812?
2
What is the thousands digit of 23427?
3
What is the tens digit of 296?
9
What is the tens digit of 48962?
6
What is the ten thousands digit of 16240?
1
What is the tens digit of 3105?
0
What is the thousands digit of 1096?
1
What is the hundreds digit of 74706?
7
What is the units digit of 397?
7
What is the ten thousands digit of 63053?
6
What is the units digit of 724?
4
What is the thousands digit of 62542?
2
What is the units digit of 1152?
2
What is the tens digit of 69276?
7
What is the hundreds digit of 1301?
3
What is the ten thousands digit of 127610?
2
What is the hundreds digit of 7386?
3
What is the hundreds digit of 8281?
2
What is the tens digit of 160?
6
What is the thousands digit of 1472?
1
What is the hundreds digit of 3034?
0
What is the units digit of 35745?
5
What is the thousands digit of 4900?
4
What is the ten thousands digit of 36559?
3
What is the thousands digit of 8052?
8
What is the hundreds digit of 22013?
0
What is the units digit of 57?
7
What is the hundreds digit of 44777?
7
What is the tens digit of 7484?
8
What is the tens digit of 7117?
1
What is the hundreds digit of 72530?
5
What is the hundreds digit of 16586?
5
What is the hundreds digit of 3127?
1
What is the thousands digit of 1066?
1
What is the thousands digit of 17267?
7
What is the hundreds digit of 4826?
8
What is the units digit of 845?
5
What is the units digit of 1366?
6
What is the tens digit of 364?
6
What is the units digit of 20033?
3
What is the units digit of 800?
0
What is the units digit of 154551?
1
What is the units digit of 615?
5
What is the ten thousands digit of 49878?
4
What is the hundreds digit of 17317?
3
What is the thousands digit of 1435?
1
What is the thousands digit of 33349?
3
What is the tens digit of 114420?
2
What is the thousands digit of 11821?
1
What is the hundreds digit of 748?
7
What is the hundreds digit of 5382?
3
What is the units digit of 1390?
0
What is the hundreds digit of 912?
9
What is the tens digit of 164592?
9
What is the units digit of 29092?
2
What is the tens digit of 43?
4
What is the thousands digit of 12967?
2
What is the hundred thousands digit of 109791?
1
What is the hundreds digit of 23733?
7
What is the thousands digit of 3151?
3
What is the hundreds digit of 4355?
3
What is the tens digit of 130346?
4
What is the ten thousands digit of 98577?
9
What is the tens digit of 30008?
0
What is the units digit of 37?
7
What is the units digit of 143520?
0
What is the tens digit of 48627?
2
What is the units digit of 805?
5
What is the thousands digit of 2066?
2
What is the tens digit of 22862?
6
What is the thousands digit of 15252?
5
What is the hundreds digit of 58740?
7
What is the units digit of 758?
8
What is the hundreds digit of 10907?
9
What is the hundreds digit of 2237?
2
What is the units digit of 7857?
7
What is the ten thousands digit of 97344?
9
What is the ten thousands digit of 140622?
4
What is the tens digit of 57734?
3
What is the units digit of 15498?
8
What is the tens digit of 72653?
5
What is the units digit of 1178?
8
What is the thousands digit of 81373?
1
What is the hundreds digit of 2523?
5
What is the hundreds digit of 4647?
6
What is the units digit of 1711?
1
What is the units digit of 1437?
7
What is the units digit of 6589?
9
What is the tens digit of 14879?
7
What is the hundreds digit of 2917?
9
What is the hundreds digit of 99382?
3
What is the ten thousands digit of 37168?
3
What is the hundreds digit of 678?
6
What is the tens digit of 2538?
3
What is the tens digit of 408?
0
What is the ten thousands digit of 33421?
3
What is the hundreds digit of 128016?
0
What is the thousands digit of 54822?
4
What is the units digit of 1114?
4
What is the units digit of 1743?
3
What is the units digit of 60263?
3
What is the tens digit of 4501?
0
What is the hundreds digit of 78248?
2
What is the hundreds digit of 206?
2
What is the units digit of 12041?
1
What is the units digit of 2940?
0
What is the units digit of 3113?
3
What is the hundreds digit of 1330?
3
What is the thousands digit of 7642?
7
What is the units digit of 2191?
1
What is the hundreds digit of 12290?
2
What is the units digit of 758?
8
What is the hundreds digit of 9659?
6
What is the units digit of 2895?
5
What is the hundreds digit of 14142?
1
What is the tens digit of 8241?
4
What is the hundreds digit of 3174?
1
What is the thousands digit of 142228?
2
What is the ten thousands digit of 45545?
4
What is the tens digit of 1150?
5
What is the ten thousands digit of 24378?
2
What is the units digit of 1732?
2
What is the hundreds digit of 5202?
2
What is the tens digit of 251?
5
What is the hundreds digit of 482?
4
What is the ten thousands digit of 23433?
2
What is the hundreds digit of 29128?
1
What is the units digit of 4655?
5
What is the hundreds digit of 7532?
5
What is the units digit of 16396?
6
What is the units digit of 89792?
2
What is the hundreds digit of 4651?
6
What is the hundreds digit of 3168?
1
What is the hundreds digit of 1657?
6
What is the tens digit of 2242?
4
What is the units digit of 18094?
4
What is the tens digit of 4436?
3
What is the units digit of 9299?
9
What is the thousands digit of 1649?
1
What is the hundreds digit of 71929?
9
What is the ten thousands digit of 10889?
1
What is the hundreds digit of 31267?
2
What is the tens digit of 1712?
1
What is the ten thousands digit of 142261?
4
What is the thousands digit of 2090?
2
What is the hundreds digit of 5809?
8
What is the tens digit of 77?
7
What is the tens digit of 29054?
5
What is the tens digit of 3494?
9
What is the units digit of 2195?
5
What is the units digit of 4952?
2
What is the tens digit of 10732?
3
What is the hundreds digit of 166?
1
What is the units digit of 3605?
5
What is the thousands digit of 1196?
1
What is the thousands digit of 4283?
4
What is the tens digit of 31971?
7
What is the tens digit of 23194?
9
What is the ten thousands digit of 21021?
2
What is the tens digit of 6104?
0
What is the hundreds digit of 5992?
9
What is the tens digit of 39935?
3
What is the ten thousands digit of 63610?
6
What is the units digit of 11264?
4
What is the ten thousands digit of 79336?
7
What is the hundreds digit of 142?
1
What is the tens digit of 20879?
7
What is the tens digit of 10995?
9
What is the tens digit of 714?
1
What is the thousands digit of 4313?
4
What is the units digit of 70891?
1
What is the units digit of 43106?
6
What is the tens digit of 21106?
0
What is the units digit of 1?
1
What is the tens digit of 132957?
5
What is the tens digit of 2095?
9
What is the ten thousands 